the units digit of p(-8)?
2
Let z(n) = n**3 + 4*n**2 + n - 1. Let b be z(-3). Suppose b*u = 6*u - 5. Suppose u*q - 15 = 65. What is the tens digit of q?
1
Let k = 26 + -23. Suppose -k*g = -8*g + 45. Suppose 0*z + z - 5*l - g = 0, -93 = -4*z + l. What is the units digit of z?
4
Let q be (25/(-4))/(1/(-4)). Let x = 68 - 46. Let r = q + x. What is the units digit of r?
7
Suppose 5*t + 0*h + 5*h = 0, 2*h = 2*t - 8. Suppose t*b - 75 = 4*i - 9*i, 3*b = -15. What is the tens digit of i?
1
Let h(d) = -2*d**3 - 3*d**2 - 5*d - 5. Let b be h(-4). Suppose 4*n - 209 = b. What is the units digit of n?
6
Let c(u) = u**3 + 10*u**2 - 11*u + 1. Let g be c(-11). Let d = 6 - g. Suppose -5*r + 0 = d, 5*r + 80 = 5*k. What is the units digit of k?
5
Let x(b) = b - 53. Let j be x(15). What is the units digit of 3158/38 + 4/j?
3
Suppose -3*o - 3 = -y, 12 = -y - 4*o + 1. What is the units digit of ((-10)/y)/(26/273)?
5
Let a = 1353 - 1000. What is the tens digit of a?
5
Suppose -a - 3*a - 8 = -4*n, 4*n = 2*a + 12. Suppose m = -0*m - a. What is the units digit of m - 2 - (-7)/1?
3
What is the hundreds digit of (213/(-4)*1)/(3/(-8))?
1
Let a(n) = -n**3 + 10*n**2 - 20*n - 5. What is the tens digit of a(4)?
1
Suppose 3777 = 3*o + 3*t, -4*o = -5*t - 5458 + 413. What is the hundreds digit of o?
2
Suppose -16 - 20 = -4*o. Let a(m) = -m**2 + 5*m + 6. Let r be a(7). Let f = o + r. What is the units digit of f?
1
Let s(v) = v**2 + 1. Let o(i) = 35*i**3 + 2*i**2 - i + 3. Let g(n) = o(n) - 3*s(n). Let d be g(-1). What is the tens digit of d/(-1) + (-4)/2?
3
What is the tens digit of (-96 + -1)*5*15/(-25)?
9
Let j(w) = 10*w**2 - 4*w + 7. What is the units digit of j(6)?
3
Suppose 325 = 2*w - 3*l, 2*w + 0*l - 295 = -3*l. Suppose -w - 73 = -z. What is the units digit of z?
8
Suppose 2*t = -5*v + 5*t + 9, -3 = 3*v + t. Suppose c - 2*o - 315 = v, -2*c - 97 + 727 = o. What is the tens digit of c?
1
Let c(d) be the second derivative of d**5/20 - 5*d**4/6 + 11*d**3/6 + 6*d**2 + 4*d. Let g be c(9). Let l = g + -13. What is the tens digit of l?
1
Let n(u) = u**2 + 2. Let s be n(4). What is the units digit of 356/s + (-6)/(-27)?
0
Suppose 4*p = 21 + 11. Let l be 4/p*-2 - -6. Suppose 7*t - j - 25 = 2*t, -2*j = t - l. What is the units digit of t?
5
Suppose 5*b + 69 = 2*j, 0 = -2*b - 0*j - 2*j - 36. Let s = 2 - 0. What is the tens digit of (b + s)/((-3)/9)?
3
Let i be -2*2 - 117/(-13). Suppose i*k = 2*j + 4*k - 78, -3*j + 131 = -5*k. What is the units digit of j?
7
Suppose -4*f = -5*q - 3716, 3*f + 2*f = -3*q + 4645. What is the tens digit of f?
2
Let u be 6/1*(-7)/(-6). Let n = u + 28. Let x = 58 - n. What is the units digit of x?
3
Let j(c) = 2*c**2 - 8*c + 6. Suppose 0 = 2*h, 2*x - 5*h = 4*x - 74. Let i = x - 29. What is the units digit of j(i)?
0
Let p = -373 - -594. Suppose -v + 2*u = -81, 0 = -3*v + 2*u + p + 6. What is the units digit of v?
3
Let j = -54 - -55. What is the hundreds digit of 3*(-1)/(-3)*161/j?
1
Suppose 4*a = a - 3*d + 3, a + 5*d = 13. Let u be (14 + a)*(-2)/4. What is the units digit of (56/u)/(18/(-27))?
4
Suppose 2*w = 3*o + 153 - 11, 0 = 5*w - 4*o - 348. What is the tens digit of w?
6
Let x(f) = 766*f + 20. What is the tens digit of x(2)?
5
Let h be 8/4*15/2. Suppose -14*m - 10 = -h*m. Suppose -4*v = 2*p - 52, v + 2 = 2*p + m. What is the units digit of v?
2
Let l be (-16)/12 + (-66)/(-9). Let s(k) = -k**3 + 6*k**2 + 9*k - 8. Let a be s(l). Let x = 10 + a. What is the units digit of x?
6
Let v = 26 + -20. Let l(i) = 6*i - 9. What is the tens digit of l(v)?
2
Suppose 10634 + 17126 = 16*t. What is the units digit of t?
5
Suppose -w - 2*w = 0. Let s(g) = -3*g + 98. What is the units digit of s(w)?
8
Suppose 5*f - 10 = a, 5*f + 15 = -5*a - 5. What is the units digit of (-1)/a + (-1974)/(-30)?
6
Let u(o) = 43*o**2 - 9*o + 4. What is the hundreds digit of u(7)?
0
Let v(t) = 32*t - 3. Let q be v(5). Suppose -q = -4*p + 435. Suppose 0 = 5*h - 3*g + 5*g - p, h - g = 24. What is the units digit of h?
8
Suppose 4*h - 4*c - 1353 = 83, -3*h - c + 1057 = 0. What is the units digit of h?
4
Let l = -668 + 730. What is the tens digit of l?
6
Let z be -2 - (7 + -1 + -3 + 169). Let o = z - -270. What is the tens digit of o?
9
Let l = 959 + -723. What is the hundreds digit of l?
2
Let w = 669 - -1359. What is the tens digit of w?
2
Let c(b) = -b**2 - 20*b - 5. Let u = 12 + -27. What is the tens digit of c(u)?
7
Let a(p) = -p + 1. Let q be a(-7). Suppose 156 = q*s - 4*s. Let u = -24 + s. What is the tens digit of u?
1
What is the units digit of ((-297)/135)/(1/(-235))?
7
What is the hundreds digit of (-4)/(-14) - (-9 + (-29415)/21)?
4
Suppose 3223 = 14*b + 437. What is the hundreds digit of b?
1
Let r(w) = 19*w**2 - 14*w + 5. What is the hundreds digit of r(-7)?
0
Let o be (-49)/(-35) + 3/5. Suppose l = -0*x + 3*x + 39, -118 = -2*l - o*x. Suppose -2*r - r + l = 0. What is the tens digit of r?
1
Let a(q) = -99*q**2 - 4*q + 1. Let w(k) = 197*k**2 + 8*k - 2. Let g(r) = 7*a(r) + 4*w(r). What is the tens digit of g(1)?
9
Suppose 0 = -6*j + 9*j - 420. What is the units digit of j?
0
Suppose 100 = -5*h - 4*v, 2*h - 4*v + 3 + 9 = 0. Let a be h/40*-40*3. Let k = a + -17. What is the units digit of k?
1
What is the units digit of -1 - 0 - ((-12855)/5 - -1)?
9
Let y be (-1298)/(-12) - 4/24. Suppose -2*q + 189 = -0*f - f, q + 4*f - y = 0. What is the units digit of q?
6
Let f = 19 - 17. Suppose 4*c - 22 = f. What is the units digit of c?
6
Let v(b) = -137*b**3 - 2*b - 1. Let x be v(-1). Let i = 282 - x. What is the units digit of i?
4
Let m = -2189 - -3796. What is the thousands digit of m?
1
Suppose 0 = -4*y - 5*m - 2 - 11, -4*m = 4*y + 8. Suppose 314 - 40 = 2*i + 3*r, y*i - 410 = -4*r. What is the hundreds digit of i?
1
Let p(h) = 66*h**3 + 3*h**2 + 6*h - 2. What is the units digit of p(3)?
5
Let o be (8/(-5))/(8/(-20)). Suppose 0 = 7*h - o*h - 63. What is the units digit of h?
1
Let v(o) be the first derivative of 2*o**3/3 + 13*o**2/2 - 21*o + 1. What is the tens digit of v(7)?
6
Let t be -5 - -7 - 6 - 17. What is the tens digit of 2/7 + (-5160)/t?
4
Suppose 16*u - 18090 = -2*u. What is the hundreds digit of u?
0
Let r be 36/15 - 6/15. Suppose -r*f = 2*j + 86, f = 2*f + 5*j + 51. Let h = f - -62. What is the tens digit of h?
2
Let q(h) = -434*h - 115. What is the tens digit of q(-3)?
8
What is the tens digit of 434/(-1)*390/(-91)?
6
Let z = 25 - 43. What is the units digit of (-36)/z + (-9)/(-1)?
1
Let j(a) = -2*a + 1. Let h be j(3). What is the units digit of h/(-15) + 256/6?
3
Let p = 5698 + -3051. What is the units digit of p?
7
Suppose -2*q - 3*q - i = -3329, -4*q + 4*i = -2668. What is the hundreds digit of q?
6
Suppose -672 = -168*z + 166*z. What is the units digit of z?
6
Let x = 1653 + -508. What is the hundreds digit of x?
1
Suppose 2*i - 3 - 3 = 0. Let a be 18/((3/(-2))/i). Let o = -23 - a. What is the units digit of o?
3
Suppose 45 = 10*q - 7*q. Let x be 20/3 + (-3)/(-9). What is the tens digit of 213/x - q/35?
3
Suppose -44*v = -21*v - 81029. What is the units digit of v?
3
Let j be (6/8)/(14/56). What is the units digit of 12/(-18) - (-113)/j?
7
Let j be (-6)/(-24) - (-26)/(-8). What is the units digit of (-108)/(-8)*(-8)/j?
6
Suppose 0 = -4*f + 5*m + 56 - 3, -5*f = 4*m - 97. Let d = f + -14. Suppose -60 = z - d*z. What is the units digit of z?
0
What is the units digit of (-122)/(-6 - -5) - (6 + -2)?
8
What is the hundreds digit of 0 + 3/(-2) + (-33660)/(-8)?
2
Suppose 0*m = -q - m - 24, 54 = -3*q + 3*m. Let r = q + 24. What is the units digit of r?
3
Suppose -714*l + 6368 = -706*l. What is the tens digit of l?
9
Let h be 0 - 0/(5 - 2). Suppose -4*f - 4 - 4 = -2*w, 2*w + 2*f + 4 = h. Suppose w = g + g - 6, -5*o = -3*g - 231. What is the units digit of o?
8
Suppose -3*s - 20 = -f - 0*s, 0 = 3*f - 4*s - 55. Suppose -f = -q + 6. What is the units digit of q?
3
Let p(z) = -4*z + 8. Let g be p(2). Suppose n - 9 = 2*h, g = 3*n - 5*h + 2*h - 21. What is the units digit of n?
5
Let w = -226 - -384. Suppose 2*j = w + 26. What is the tens digit of j?
9
Let d = 1388 + -160. What is the thousands digit of d?
1
Let w(y) = -32*y + 6. What is the hundreds digit of w(-5)?
1
Let y be (-254)/(-6) - (-1)/(-3). Let r = y - 32. What is the tens digit of r?
1
Let d = -27 + -6. Let z = d - -46. What 